{"id":1855,"date":"2024-05-28T22:39:59","date_gmt":"2024-05-28T22:39:59","guid":{"rendered":"http:\/\/www.igem.uma.es\/wp-content\/uploads\/2024\/05\/Jimena-Cuadrado-3.png"},"modified":"2024-06-04T10:14:39","modified_gmt":"2024-06-04T10:14:39","slug":"jimena-cuadrado-3","status":"inherit","type":"attachment","link":"https:\/\/www.igem.uma.es\/?attachment_id=1855","title":{"rendered":"Jimena Garc\u00eda"},"author":1,"comment_status":"open","ping_status":"closed","template":"","meta":{"site-sidebar-layout":"default","site-content-layout":"default","ast-global-header-display":"","ast-main-header-display":"","ast-hfb-above-header-display":"","ast-hfb-below-header-display":"","ast-hfb-mobile-header-display":"","site-post-title":"","ast-breadcrumbs-content":"","ast-featured-img":"","footer-sml-layout":"","theme-transparent-header-meta":"","adv-header-id-meta":"","stick-header-meta":"","header-above-stick-meta":"","header-main-stick-meta":"","header-below-stick-meta":"","_themeisle_gutenberg_block_has_review":false},"description":{"rendered":"<p class=\"attachment\"><a href='https:\/\/www.igem.uma.es\/wp-content\/uploads\/2024\/05\/Jimena-Cuadrado-3.png'><img width=\"300\" height=\"300\" src=\"https:\/\/www.igem.uma.es\/wp-content\/uploads\/2024\/05\/Jimena-Cuadrado-3-300x300.png\" class=\"attachment-medium size-medium\" alt=\"Jimena Garc\u00eda\" loading=\"lazy\" srcset=\"https:\/\/www.igem.uma.es\/wp-content\/uploads\/2024\/05\/Jimena-Cuadrado-3-300x300.png 300w, https:\/\/www.igem.uma.es\/wp-content\/uploads\/2024\/05\/Jimena-Cuadrado-3-1024x1024.png 1024w, https:\/\/www.igem.uma.es\/wp-content\/uploads\/2024\/05\/Jimena-Cuadrado-3-150x150.png 150w, https:\/\/www.igem.uma.es\/wp-content\/uploads\/2024\/05\/Jimena-Cuadrado-3-768x768.png 768w, https:\/\/www.igem.uma.es\/wp-content\/uploads\/2024\/05\/Jimena-Cuadrado-3-1536x1536.png 1536w, https:\/\/www.igem.uma.es\/wp-content\/uploads\/2024\/05\/Jimena-Cuadrado-3-2048x2048.png 2048w, https:\/\/www.igem.uma.es\/wp-content\/uploads\/2024\/05\/Jimena-Cuadrado-3-144x144.png 144w\" sizes=\"(max-width: 300px) 100vw, 300px\" \/><\/a><\/p>\n<p>JIMENA GARC\u00cdA<\/p>\n<p>Human Practices y Traductora de Wiki<\/p>\n<p>Edad: 21 a\u00f1os<\/p>\n<p>Estudios actuales: Traducci\u00f3n e Interpretaci\u00f3n.<\/p>\n<p>Dato curioso: &#8220;Estudio con m\u00fasica, duermo con m\u00fasica, cocino con m\u00fasica, salgo a la calle con m\u00fasica. \u00bfMi gran amor? Mis cascos, por supuesto&#8221;<\/p>\n<p>Intereses: la escritura, la lectura, escuchar m\u00fasica, la nataci\u00f3n<\/p>\n"},"caption":{"rendered":"<p>Jimena Garc\u00eda<\/p>\n"},"alt_text":"Jimena Garc\u00eda","media_type":"image","mime_type":"image\/png","media_details":{"width":2552,"height":2552,"file":"2024\/05\/Jimena-Cuadrado-3.png","sizes":{"medium":{"file":"Jimena-Cuadrado-3-300x300.png","width":300,"height":300,"mime_type":"image\/png","source_url":"https:\/\/www.igem.uma.es\/wp-content\/uploads\/2024\/05\/Jimena-Cuadrado-3-300x300.png"},"large":{"file":"Jimena-Cuadrado-3-1024x1024.png","width":1024,"height":1024,"mime_type":"image\/png","source_url":"https:\/\/www.igem.uma.es\/wp-content\/uploads\/2024\/05\/Jimena-Cuadrado-3-1024x1024.png"},"thumbnail":{"file":"Jimena-Cuadrado-3-150x150.png","width":150,"height":150,"mime_type":"image\/png","source_url":"https:\/\/www.igem.uma.es\/wp-content\/uploads\/2024\/05\/Jimena-Cuadrado-3-150x150.png"},"medium_large":{"file":"Jimena-Cuadrado-3-768x768.png","width":768,"height":768,"mime_type":"image\/png","source_url":"https:\/\/www.igem.uma.es\/wp-content\/uploads\/2024\/05\/Jimena-Cuadrado-3-768x768.png"},"1536x1536":{"file":"Jimena-Cuadrado-3-1536x1536.png","width":1536,"height":1536,"mime_type":"image\/png","source_url":"https:\/\/www.igem.uma.es\/wp-content\/uploads\/2024\/05\/Jimena-Cuadrado-3-1536x1536.png"},"2048x2048":{"file":"Jimena-Cuadrado-3-2048x2048.png","width":2048,"height":2048,"mime_type":"image\/png","source_url":"https:\/\/www.igem.uma.es\/wp-content\/uploads\/2024\/05\/Jimena-Cuadrado-3-2048x2048.png"},"wptouch-new-thumbnail":{"file":"Jimena-Cuadrado-3-144x144.png","width":144,"height":144,"mime_type":"image\/png","source_url":"https:\/\/www.igem.uma.es\/wp-content\/uploads\/2024\/05\/Jimena-Cuadrado-3-144x144.png"},"full":{"file":"Jimena-Cuadrado-3.png","width":2552,"height":2552,"mime_type":"image\/png","source_url":"https:\/\/www.igem.uma.es\/wp-content\/uploads\/2024\/05\/Jimena-Cuadrado-3.png"}},"image_meta":{"aperture":"0","credit":"","camera":"","caption":"","created_timestamp":"0","copyright":"","focal_length":"0","iso":"0","shutter_speed":"0","title":"","orientation":"0","keywords":[]}},"post":null,"source_url":"https:\/\/www.igem.uma.es\/wp-content\/uploads\/2024\/05\/Jimena-Cuadrado-3.png","_links":{"self":[{"href":"https:\/\/www.igem.uma.es\/index.php?rest_route=\/wp\/v2\/media\/1855"}],"collection":[{"href":"https:\/\/www.igem.uma.es\/index.php?rest_route=\/wp\/v2\/media"}],"about":[{"href":"https:\/\/www.igem.uma.es\/index.php?rest_route=\/wp\/v2\/types\/attachment"}],"author":[{"embeddable":true,"href":"https:\/\/www.igem.uma.es\/index.php?rest_route=\/wp\/v2\/users\/1"}],"replies":[{"embeddable":true,"href":"https:\/\/www.igem.uma.es\/index.php?rest_route=%2Fwp%2Fv2%2Fcomments&post=1855"}]}}

Jimena García

<p class="attachment"><a href='https://www.igem.uma.es/wp-content/uploads/2024/05/Jimena-Cuadrado-3.png'><img width="300" height="300" src="https://www.igem.uma.es/wp-content/uploads/2024/05/Jimena-Cuadrado-3-300x300.png" class="attachment-medium size-medium" alt="Jimena García" loading="lazy" srcset="https://www.igem.uma.es/wp-content/uploads/2024/05/Jimena-Cuadrado-3-300x300.png 300w, https://www.igem.uma.es/wp-content/uploads/2024/05/Jimena-Cuadrado-3-1024x1024.png 1024w, https://www.igem.uma.es/wp-content/uploads/2024/05/Jimena-Cuadrado-3-150x150.png 150w, https://www.igem.uma.es/wp-content/uploads/2024/05/Jimena-Cuadrado-3-768x768.png 768w, https://www.igem.uma.es/wp-content/uploads/2024/05/Jimena-Cuadrado-3-1536x1536.png 1536w, https://www.igem.uma.es/wp-content/uploads/2024/05/Jimena-Cuadrado-3-2048x2048.png 2048w, https://www.igem.uma.es/wp-content/uploads/2024/05/Jimena-Cuadrado-3-144x144.png 144w" sizes="(max-width: 300px) 100vw, 300px" /></a></p>
<p>JIMENA GARCÍA</p>
<p>Human Practices y Traductora de Wiki</p>
<p>Edad: 21 años</p>
<p>Estudios actuales: Traducción e Interpretación.</p>
<p>Dato curioso: &#8220;Estudio con música, duermo con música, cocino con música, salgo a la calle con música. ¿Mi gran amor? Mis cascos, por supuesto&#8221;</p>
<p>Intereses: la escritura, la lectura, escuchar música, la natación</p>

<p>Jimena García</p>
